reatest common factor of y and w?
34
Suppose 54 = 7*u + 33. Suppose 2*r + 21 = u*d, -4*r = -5*d - 6*r + 35. What is the greatest common divisor of 266 and d?
7
Suppose -22*h = -8*h - 7168. Let l = -508 + h. Calculate the highest common factor of 268 and l.
4
Let x be (9/(-2))/(60/(-32760)). What is the greatest common divisor of 126 and x?
63
Let r(j) = -2*j**2 + 123*j - 708. Let z be r(6). Suppose -3*s + 789 + 624 = 0. Let k = s - z. What is the highest common divisor of 57 and k?
57
Let j = -2507 + 2900. What is the highest common factor of j and 3?
3
Let z(p) = -3*p**2 - 76*p - 381. Let r be z(-7). What is the greatest common factor of r and 5228?
4
Let u = -401752 - -401757. Let n = 35 - 22. Let y = -8 + n. What is the greatest common divisor of y and u?
5
Let r be (-2)/(-14) - 189/(-49). Suppose 3 + 9 = r*d. Suppose d + 8 = n. Calculate the greatest common factor of 121 and n.
11
Suppose 1201*c = 1214*c - 5915. What is the greatest common divisor of 1274 and c?
91
Let v(z) = 50*z**2 - 37*z + 7. Let o be v(-4). Suppose 2*s = 4*t + 948, -7*t + o = 2*s - 4*t. What is the greatest common divisor of 28 and s?
28
Let q(j) = 3*j + 31. Let s = 62 + -60. Suppose s*n + 5*a + 13 = 0, -4*n + 2*n + 4*a = -32. Let v be q(n). What is the greatest common factor of v and 49?
49
Let t = 325 + 242. What is the greatest common factor of t and 28?
7
Suppose -45*n = -44*n - 3. Suppose -n*h - 123 + 186 = 0. What is the greatest common factor of h and 63?
21
Let i(x) = -12 + 32 + 9*x - 5. Let y be i(13). What is the highest common factor of 12 and y?
12
Suppose -12*f = -13*f + 16. Suppose f*z - 10*z = 462. Calculate the highest common divisor of 22 and z.
11
Let q(n) = 12*n**2 - 232*n + 85. Let z be q(19). Calculate the highest common factor of z and 402.
3
Suppose 0 = 4*j + 2*u + 120, -3*j - 2*u - 17 - 75 = 0. Let q = 20 - j. Let i be 42/(-12)*(-6)/63*96. Calculate the greatest common factor of q and i.
16
Let h be 2 + (-3 - -27) + -4. Suppose 30*k - 768 = h*k. Suppose 0 = 2*l + 2*l - k. What is the highest common factor of 24 and l?
24
Suppose 3*a - 25 = -4*y, -4*a - 3*y = -4*y - 8. Suppose -57*d + a = -56*d. What is the greatest common factor of d and 15?
3
Let q be (-38)/4*1*6/(-3). Suppose -q*o + 192 = -7*o. Suppose 6*l = o*l - 150. Calculate the highest common factor of l and 165.
15
Let f = 155 + -101. Suppose -13*b - 37*b + 3528 = -b. What is the greatest common factor of b and f?
18
Suppose 5*k = k + 52. Let c(x) = -2*x - 23. Let p(y) = -y + 6. Let d(w) = -c(w) + 5*p(w). Let m be d(k). What is the greatest common divisor of 154 and m?
14
Suppose -218 - 988 = -67*m. Suppose 5*i - 3*o = -9, o = -4*i - 5 + 8. Suppose 5*n - 12 - m = i. Calculate the greatest common factor of 6 and n.
6
Let k = -191 + 177. Let a be (-3 + 0)*k/6. Calculate the greatest common factor of 21 and a.
7
Suppose -55 = -2*v + 3*s, -5*v = 5*s - 138 + 13. Let b(k) = k**2 + 167*k - 847. Let q be b(5). What is the greatest common factor of v and q?
13
Suppose -o + 4*o = -3*x + 15, 5*o = -3*x + 15. Suppose -2*c - 6 + o = 0, -4*z = 2*c - 746. Let w = z + -69. What is the highest common factor of 17 and w?
17
Suppose 0 = -r - r - 156. Let y = 681 + -578. Let b = y + r. What is the greatest common factor of 225 and b?
25
Let t(x) = 226*x + 928. Let j be t(-4). Suppose 0*q - q = 13. Let r = -7 - q. What is the greatest common divisor of j and r?
6
Let i = 210 - 213. Let g be -3 + 12/(-2)*6/i. Calculate the highest common factor of 81 and g.
9
Let z = -200 + 200. Suppose 8*h + 186 - 826 = z. Calculate the greatest common factor of 30 and h.
10
Suppose 24*r + 25 = -r. Let l be r + 51*(-6)/(-18). What is the highest common divisor of l and 112?
16
Suppose -15*v = -14*v - 15. Let m be (v/20)/(6/56). Suppose m*p + 71 = 708. Calculate the highest common factor of 26 and p.
13
Let l be (5/7)/((-32)/(-224)). Suppose -l*f + 7*f - 560 = 0. Calculate the highest common divisor of f and 40.
40
Suppose 22*f - 1474 = 17*f - 3*g, 0 = 2*f + 5*g - 582. What is the highest common factor of f and 666?
74
Let p = 162 - 88. Let q = p + -104. Let c = -24 - q. What is the greatest common divisor of 42 and c?
6
Let n be (-3 - 0) + 112/4. Suppose -4*a + 1621 = -3*j, -2*a + j = 201 - 1008. What is the highest common divisor of a and n?
25
Suppose -32*a - 2*o + 266 = -12*a - 17*a, 0 = 3*o - 3. Let p(f) = -f**3 - 2*f - 1. Let i be p(-2). Calculate the highest common factor of a and i.
11
Let g be 87354/253 - (-6)/(-22). Calculate the highest common factor of 105 and g.
15
Let h be (-24)/(2112/(-12122)) + 2/8. Calculate the greatest common factor of h and 874.
46
Suppose -12 = 2*g, -x = -3*g - 32 - 130. What is the greatest common divisor of x and 810?
18
Let f(z) = 9*z - 10 - 8 + 11. Let a be f(5). Let x = -173 - -268. What is the greatest common factor of a and x?
19
Suppose -5*f + 4*h + 157 = 0, -17*f + 3*h + 149 = -12*f. What is the highest common divisor of f and 73?
1
Let f(y) = y**2 + 2*y - 5. Let i be f(-4). Let h be ((-190)/(-10) - -14)*1/3. What is the highest common divisor of i and h?
1
Let s(u) = 4638*u + 51. Let d be s(1). What is the greatest common divisor of d and 9?
9
Let j = 15338 + -15098. Suppose -2*q - 94 = -a, 2*a - 76 = 2*q + 102. What is the highest common divisor of a and j?
12
Let n = 2188 + -2163. Calculate the highest common divisor of n and 945.
5
Suppose 5*c - 462 - 613 = 0. Let r = c + -214. What is the highest common divisor of r and 1?
1
Let m be (-42)/(-98) + (-423)/7. Let d be (-288)/m*(-110)/(-4). Calculate the highest common divisor of 12 and d.
12
Suppose -16822 + 16006 = -16*q. Calculate the highest common divisor of 1513 and q.
17
Suppose 3*y - 15027 = -5*h, 207*h + 3*y + 5994 = 209*h. What is the highest common divisor of 308 and h?
77
Suppose -6*b + 300 = -2*b. Let h = -195 + 307. Suppose h = 2*g + 12. Calculate the greatest common divisor of b and g.
25
Suppose -19*z + 24*z - 2*g = 34, 0 = 2*z - 5*g - 22. What is the highest common factor of 94 and z?
2
Let m be ((-99)/(-2))/(290/1160). Calculate the greatest common factor of m and 1518.
66
Suppose -9*h + 939 + 402 = 0. Let y = h + -110. Calculate the greatest common divisor of 26 and y.
13
Let k be (-4)/((-16)/801) - 12/48. What is the greatest common factor of k and 1100?
100
Let u be ((-6)/(24/172))/(5/(-20)). Let c = u + -140. Suppose 4 = g - 4. What is the highest common factor of g and c?
8
Let a(o) = -12*o**2 + 75 + 10*o - 106 - o**3 - 12*o**2. Let b be a(-25). Let p(t) = -6*t - 11. Let i be p(-9). Calculate the highest common divisor of i and b.
43
Suppose n - 938 = -2*k, -26*n = -23*n + 3*k - 2799. What is the greatest common factor of n and 29?
29
Let j be 1602 + -9*(-2)/(-9). Calculate the highest common factor of j and 25.
25
Let k = -274 - -2059. What is the highest common divisor of k and 105?
105
Suppose 3*z = 3*s - 12, 3*s - 2 = -2*z + 15. Suppose 0 = -3*a + 7*a - s*r - 612, 2*a - 306 = -5*r. Calculate the highest common factor of a and 204.
51
Let s = 195 + -117. Suppose 12*r + 3 = 9*r, 0 = k - 4*r + 205. Let x = k - -261. What is the greatest common divisor of x and s?
26
Suppose 0 = 296*p - 298*p + 848. What is the highest common divisor of p and 16?
8
Let p be (85 - 1)/(3/2). Let j(y) = 2*y**2 + 43*y - 78. Let r be j(2). What is the highest common divisor of p and r?
8
Let b = -14078 + 14091. Let f = 62 - 39. Let t = f + 16. What is the highest common divisor of b and t?
13
Let v be 7/35 - (3 - (-93)/15). Let x be (-273)/v - (-12)/(-36). Calculate the greatest common factor of 30 and x.
30
Let x be (-1058)/(-11) - (-372)/(-2046). What is the highest common factor of 354 and x?
6
Let d = 441 - 445. Let z be (-816)/(-476)*(-210)/d. Calculate the highest common factor of z and 12.
6
Let s = 90 + -52. Let i be (s/(-4) - -2)*(-208)/130. Calculate the greatest common factor of i and 12.
12
Let f = -15295 + 15309. Calculate the greatest common factor of f and 2968.
14
Suppose 0 = 10*v - 22*v + 5412. Calculate the highest common divisor of v and 242.
11
Let i(j) = 64*j - 22 - 128*j + 62*j. Let r be i(-16). Suppose 5*o - 546 = 4*c, o - c + 47 = 156. Calculate the highest common factor of r and o.
10
Suppose 14710 + 25418 = 35*o + 22*o. Let t = -11 - -22. Calculate the greatest common factor of o and t.
11
Suppos